{"id":1517,"date":"2022-12-06T20:47:46","date_gmt":"2022-12-06T20:47:46","guid":{"rendered":"https:\/\/muziek-karine.be\/product\/musikmappe-fur-akkordeon-band-1\/"},"modified":"2022-12-19T11:44:45","modified_gmt":"2022-12-19T11:44:45","slug":"musikmappe-fur-akkordeon-band-1","status":"publish","type":"product","link":"https:\/\/muziek-karine.be\/fr\/produit\/musikmappe-fur-akkordeon-band-1\/","title":{"rendered":"Musikmappe f\u00fcr Akkordeon &#8211; Band 1"},"content":{"rendered":"<p>Inhoud<\/p>\n<p>            Moeilijkheidsgraad: 2-3<\/p>\n<p>\tT\u00e4nzchen im Fr\u00fchling<br \/>\n\tJagdlied<br \/>\n\tSonatine im alten Stil<br \/>\n\tEin T\u00e4nzchen<br \/>\n\tTarantella<br \/>\n\tT\u00e4nzchen im Dorfe<br \/>\n\tWer l\u00e4uft mit<br \/>\n\tMarsch<br \/>\n\tAndante<br \/>\n\tGute Nacht<br \/>\n\tAbendlied<br \/>\n\tSonatine<br \/>\n\tFr\u00f6hliche Wanderung<br \/>\n\tGondellied<br \/>\n\tWirbelwind<\/p>\n","protected":false},"excerpt":{"rendered":"<p>Inhoud Moeilijkheidsgraad: 2-3 T\u00e4nzchen im Fr\u00fchling Jagdlied Sonatine im alten Stil Ein T\u00e4nzchen Tarantella T\u00e4nzchen im Dorfe Wer l\u00e4uft mit Marsch Andante Gute Nacht Abendlied Sonatine Fr\u00f6hliche Wanderung Gondellied Wirbelwind<\/p>\n","protected":false},"featured_media":1518,"comment_status":"closed","ping_status":"closed","template":"","meta":[],"product_brand":[],"product_cat":[23,34],"product_tag":[],"merken":[],"class_list":{"0":"post-1517","1":"product","2":"type-product","3":"status-publish","4":"has-post-thumbnail","6":"product_cat-boeken","7":"product_cat-accordeon","9":"first","10":"instock","11":"taxable","12":"shipping-taxable","13":"purchasable","14":"product-type-simple"},"_links":{"self":[{"href":"https:\/\/muziek-karine.be\/fr\/wp-json\/wp\/v2\/product\/1517","targetHints":{"allow":["GET"]}}],"collection":[{"href":"https:\/\/muziek-karine.be\/fr\/wp-json\/wp\/v2\/product"}],"about":[{"href":"https:\/\/muziek-karine.be\/fr\/wp-json\/wp\/v2\/types\/product"}],"replies":[{"embeddable":true,"href":"https:\/\/muziek-karine.be\/fr\/wp-json\/wp\/v2\/comments?post=1517"}],"wp:featuredmedia":[{"embeddable":true,"href":"https:\/\/muziek-karine.be\/fr\/wp-json\/wp\/v2\/media\/1518"}],"wp:attachment":[{"href":"https:\/\/muziek-karine.be\/fr\/wp-json\/wp\/v2\/media?parent=1517"}],"wp:term":[{"taxonomy":"product_brand","embeddable":true,"href":"https:\/\/muziek-karine.be\/fr\/wp-json\/wp\/v2\/product_brand?post=1517"},{"taxonomy":"product_cat","embeddable":true,"href":"https:\/\/muziek-karine.be\/fr\/wp-json\/wp\/v2\/product_cat?post=1517"},{"taxonomy":"product_tag","embeddable":true,"href":"https:\/\/muziek-karine.be\/fr\/wp-json\/wp\/v2\/product_tag?post=1517"},{"taxonomy":"merken","embeddable":true,"href":"https:\/\/muziek-karine.be\/fr\/wp-json\/wp\/v2\/merken?post=1517"}],"curies":[{"name":"wp","href":"https:\/\/api.w.org\/{rel}","templated":true}]}}

Musikmappe für Akkordeon &#8211; Band 1

<p>Inhoud</p>
<p>            Moeilijkheidsgraad: 2-3</p>
<p>	Tänzchen im Frühling<br />
	Jagdlied<br />
	Sonatine im alten Stil<br />
	Ein Tänzchen<br />
	Tarantella<br />
	Tänzchen im Dorfe<br />
	Wer läuft mit<br />
	Marsch<br />
	Andante<br />
	Gute Nacht<br />
	Abendlied<br />
	Sonatine<br />
	Fröhliche Wanderung<br />
	Gondellied<br />
	Wirbelwind</p>

<p>Inhoud Moeilijkheidsgraad: 2-3 Tänzchen im Frühling Jagdlied Sonatine im alten Stil Ein Tänzchen Tarantella Tänzchen im Dorfe Wer läuft mit Marsch Andante Gute Nacht Abendlied Sonatine Fröhliche Wanderung Gondellied Wirbelwind</p>
