{"id":1575,"date":"2022-12-06T20:48:49","date_gmt":"2022-12-06T20:48:49","guid":{"rendered":"https:\/\/muziek-karine.be\/product\/akkordeon-festival-party-hits-incl-cd\/"},"modified":"2023-01-10T09:58:15","modified_gmt":"2023-01-10T09:58:15","slug":"akkordeon-festival-party-hits-incl-cd","status":"publish","type":"product","link":"https:\/\/muziek-karine.be\/fr\/produit\/akkordeon-festival-party-hits-incl-cd\/","title":{"rendered":"Akkordeon Festival &#8211; Party Hits (Incl. CD)"},"content":{"rendered":"<p>Inhoud<\/p>\n<p>            Moeilijkheidsgraad: 2-3<\/p>\n<p>\tDer Anton aus Tirol<br \/>\n\tDie H\u00e4nde zum Himmel<br \/>\n\tEr geh\u00f6rt zu mir<br \/>\n\tF\u00fcrstenfeld<br \/>\n\tGo West<br \/>\n\tHey Baby<br \/>\n\tIm Wagen vor mir<br \/>\n\tQue sera sera<br \/>\n\tRote Lippen soll man k\u00fcssen<br \/>\n\tTake me home Country Roads<br \/>\n\tViva Colonia<br \/>\n\tWahnsinn<\/p>\n","protected":false},"excerpt":{"rendered":"<p>Inhoud Moeilijkheidsgraad: 2-3 Der Anton aus Tirol Die H\u00e4nde zum Himmel Er geh\u00f6rt zu mir F\u00fcrstenfeld Go West Hey Baby Im Wagen vor mir Que sera sera Rote Lippen soll man k\u00fcssen Take me home Country Roads Viva Colonia Wahnsinn<\/p>\n","protected":false},"featured_media":1576,"comment_status":"closed","ping_status":"closed","template":"","meta":[],"product_brand":[],"product_cat":[23,34],"product_tag":[],"merken":[],"class_list":{"0":"post-1575","1":"product","2":"type-product","3":"status-publish","4":"has-post-thumbnail","6":"product_cat-boeken","7":"product_cat-accordeon","9":"first","10":"instock","11":"taxable","12":"shipping-taxable","13":"purchasable","14":"product-type-simple"},"_links":{"self":[{"href":"https:\/\/muziek-karine.be\/fr\/wp-json\/wp\/v2\/product\/1575","targetHints":{"allow":["GET"]}}],"collection":[{"href":"https:\/\/muziek-karine.be\/fr\/wp-json\/wp\/v2\/product"}],"about":[{"href":"https:\/\/muziek-karine.be\/fr\/wp-json\/wp\/v2\/types\/product"}],"replies":[{"embeddable":true,"href":"https:\/\/muziek-karine.be\/fr\/wp-json\/wp\/v2\/comments?post=1575"}],"wp:featuredmedia":[{"embeddable":true,"href":"https:\/\/muziek-karine.be\/fr\/wp-json\/wp\/v2\/media\/1576"}],"wp:attachment":[{"href":"https:\/\/muziek-karine.be\/fr\/wp-json\/wp\/v2\/media?parent=1575"}],"wp:term":[{"taxonomy":"product_brand","embeddable":true,"href":"https:\/\/muziek-karine.be\/fr\/wp-json\/wp\/v2\/product_brand?post=1575"},{"taxonomy":"product_cat","embeddable":true,"href":"https:\/\/muziek-karine.be\/fr\/wp-json\/wp\/v2\/product_cat?post=1575"},{"taxonomy":"product_tag","embeddable":true,"href":"https:\/\/muziek-karine.be\/fr\/wp-json\/wp\/v2\/product_tag?post=1575"},{"taxonomy":"merken","embeddable":true,"href":"https:\/\/muziek-karine.be\/fr\/wp-json\/wp\/v2\/merken?post=1575"}],"curies":[{"name":"wp","href":"https:\/\/api.w.org\/{rel}","templated":true}]}}

<p>Inhoud</p>
<p>            Moeilijkheidsgraad: 2-3</p>
<p>	Der Anton aus Tirol<br />
	Die Hände zum Himmel<br />
	Er gehört zu mir<br />
	Fürstenfeld<br />
	Go West<br />
	Hey Baby<br />
	Im Wagen vor mir<br />
	Que sera sera<br />
	Rote Lippen soll man küssen<br />
	Take me home Country Roads<br />
	Viva Colonia<br />
	Wahnsinn</p>

<p>Inhoud Moeilijkheidsgraad: 2-3 Der Anton aus Tirol Die Hände zum Himmel Er gehört zu mir Fürstenfeld Go West Hey Baby Im Wagen vor mir Que sera sera Rote Lippen soll man küssen Take me home Country Roads Viva Colonia Wahnsinn</p>
